{"id":39800,"date":"2025-08-14T11:20:24","date_gmt":"2025-08-14T11:20:24","guid":{"rendered":"https:\/\/cafe-oz.com\/evenement-oz\/friday-weekend-prelude\/"},"modified":"2025-08-14T11:20:24","modified_gmt":"2025-08-14T11:20:24","slug":"friday-weekend-prelude","status":"publish","type":"evenement-oz","link":"https:\/\/cafe-oz.com\/en\/events-oz\/friday-weekend-prelude\/","title":{"rendered":"Friday Weekend Prelude"},"template":"","meta":{"_acf_changed":false,"inline_featured_image":false},"etablissement":[52],"class_list":["post-39800","evenement-oz","type-evenement-oz","status-publish","has-post-thumbnail","hentry","etablissement-cafe-oz-rooftop-en"],"acf":[],"yoast_head":"<!-- This site is optimized with the Yoast SEO plugin v26.5 - https:\/\/yoast.com\/wordpress\/plugins\/seo\/ -->\n<title>Weekend Prelude on Cafe Oz Rooftop<\/title>\n<meta name=\"description\" content=\"Profitez d&#039;un coucher de soleil spectaculaire sur le plus grand rooftop de la capitale, accompagn\u00e9 de rythmes \u00e9lectro chic et de m\u00e9lodies entra\u00eenantes, cr\u00e9ant l&#039;ambiance parfaite pour d\u00e9compresser apr\u00e8s le travail\" \/>\n<meta name=\"robots\" content=\"index, follow, max-snippet:-1, max-image-preview:large, max-video-preview:-1\" \/>\n<link rel=\"canonical\" href=\"https:\/\/cafe-oz.com\/en\/evenement-oz\/friday-weekend-prelude\/\" \/>\n<meta property=\"og:locale\" content=\"en_US\" \/>\n<meta property=\"og:type\" content=\"article\" \/>\n<meta property=\"og:title\" content=\"Weekend Prelude on Cafe Oz Rooftop\" \/>\n<meta property=\"og:description\" content=\"Profitez d&#039;un coucher de soleil spectaculaire sur le plus grand rooftop de la capitale, accompagn\u00e9 de rythmes \u00e9lectro chic et de m\u00e9lodies entra\u00eenantes, cr\u00e9ant l&#039;ambiance parfaite pour d\u00e9compresser apr\u00e8s le travail\" \/>\n<meta property=\"og:url\" content=\"https:\/\/cafe-oz.com\/en\/evenement-oz\/friday-weekend-prelude\/\" \/>\n<meta property=\"og:site_name\" content=\"Cafe Oz\" \/>\n<meta property=\"og:image\" content=\"https:\/\/cafe-oz.com\/wp-content\/uploads\/2025\/08\/18.png\" \/>\n\t<meta property=\"og:image:width\" content=\"680\" \/>\n\t<meta property=\"og:image:height\" content=\"980\" \/>\n\t<meta property=\"og:image:type\" content=\"image\/png\" \/>\n<meta name=\"twitter:card\" content=\"summary_large_image\" \/>\n<script type=\"application\/ld+json\" class=\"yoast-schema-graph\">{\"@context\":\"https:\/\/schema.org\",\"@graph\":[{\"@type\":\"WebPage\",\"@id\":\"https:\/\/cafe-oz.com\/en\/evenement-oz\/friday-weekend-prelude\/\",\"url\":\"https:\/\/cafe-oz.com\/en\/evenement-oz\/friday-weekend-prelude\/\",\"name\":\"Weekend Prelude on Cafe Oz Rooftop\",\"isPartOf\":{\"@id\":\"https:\/\/cafe-oz.com\/en\/#website\"},\"primaryImageOfPage\":{\"@id\":\"https:\/\/cafe-oz.com\/en\/evenement-oz\/friday-weekend-prelude\/#primaryimage\"},\"image\":{\"@id\":\"https:\/\/cafe-oz.com\/en\/evenement-oz\/friday-weekend-prelude\/#primaryimage\"},\"thumbnailUrl\":\"https:\/\/cafe-oz.com\/wp-content\/uploads\/2025\/08\/18.png\",\"datePublished\":\"2025-08-14T11:20:24+00:00\",\"description\":\"Profitez d'un coucher de soleil spectaculaire sur le plus grand rooftop de la capitale, accompagn\u00e9 de rythmes \u00e9lectro chic et de m\u00e9lodies entra\u00eenantes, cr\u00e9ant l'ambiance parfaite pour d\u00e9compresser apr\u00e8s le travail\",\"breadcrumb\":{\"@id\":\"https:\/\/cafe-oz.com\/en\/evenement-oz\/friday-weekend-prelude\/#breadcrumb\"},\"inLanguage\":\"en-US\",\"potentialAction\":[{\"@type\":\"ReadAction\",\"target\":[\"https:\/\/cafe-oz.com\/en\/evenement-oz\/friday-weekend-prelude\/\"]}]},{\"@type\":\"ImageObject\",\"inLanguage\":\"en-US\",\"@id\":\"https:\/\/cafe-oz.com\/en\/evenement-oz\/friday-weekend-prelude\/#primaryimage\",\"url\":\"https:\/\/cafe-oz.com\/wp-content\/uploads\/2025\/08\/18.png\",\"contentUrl\":\"https:\/\/cafe-oz.com\/wp-content\/uploads\/2025\/08\/18.png\",\"width\":680,\"height\":980},{\"@type\":\"BreadcrumbList\",\"@id\":\"https:\/\/cafe-oz.com\/en\/evenement-oz\/friday-weekend-prelude\/#breadcrumb\",\"itemListElement\":[{\"@type\":\"ListItem\",\"position\":1,\"name\":\"Accueil\",\"item\":\"https:\/\/cafe-oz.com\/en\/landing\/\"},{\"@type\":\"ListItem\",\"position\":2,\"name\":\"\u00c9v\u00e9nements\",\"item\":\"https:\/\/cafe-oz.com\/en\/evenement-oz\/\"},{\"@type\":\"ListItem\",\"position\":3,\"name\":\"Friday Weekend Prelude\"}]},{\"@type\":\"WebSite\",\"@id\":\"https:\/\/cafe-oz.com\/en\/#website\",\"url\":\"https:\/\/cafe-oz.com\/en\/\",\"name\":\"Cafe Oz\",\"description\":\"The Australian Bar\",\"publisher\":{\"@id\":\"https:\/\/cafe-oz.com\/en\/#organization\"},\"potentialAction\":[{\"@type\":\"SearchAction\",\"target\":{\"@type\":\"EntryPoint\",\"urlTemplate\":\"https:\/\/cafe-oz.com\/en\/?s={search_term_string}\"},\"query-input\":{\"@type\":\"PropertyValueSpecification\",\"valueRequired\":true,\"valueName\":\"search_term_string\"}}],\"inLanguage\":\"en-US\"},{\"@type\":\"Organization\",\"@id\":\"https:\/\/cafe-oz.com\/en\/#organization\",\"name\":\"Cafe Oz\",\"url\":\"https:\/\/cafe-oz.com\/en\/\",\"logo\":{\"@type\":\"ImageObject\",\"inLanguage\":\"en-US\",\"@id\":\"https:\/\/cafe-oz.com\/en\/#\/schema\/logo\/image\/\",\"url\":\"https:\/\/cafe-oz.com\/wp-content\/uploads\/2025\/06\/Groupe-113.svg\",\"contentUrl\":\"https:\/\/cafe-oz.com\/wp-content\/uploads\/2025\/06\/Groupe-113.svg\",\"width\":122,\"height\":70,\"caption\":\"Cafe Oz\"},\"image\":{\"@id\":\"https:\/\/cafe-oz.com\/en\/#\/schema\/logo\/image\/\"}}]}<\/script>\n<!-- \/ Yoast SEO plugin. -->","yoast_head_json":{"title":"Weekend Prelude on Cafe Oz Rooftop","description":"Profitez d'un coucher de soleil spectaculaire sur le plus grand rooftop de la capitale, accompagn\u00e9 de rythmes \u00e9lectro chic et de m\u00e9lodies entra\u00eenantes, cr\u00e9ant l'ambiance parfaite pour d\u00e9compresser apr\u00e8s le travail","robots":{"index":"index","follow":"follow","max-snippet":"max-snippet:-1","max-image-preview":"max-image-preview:large","max-video-preview":"max-video-preview:-1"},"canonical":"https:\/\/cafe-oz.com\/en\/evenement-oz\/friday-weekend-prelude\/","og_locale":"en_US","og_type":"article","og_title":"Weekend Prelude on Cafe Oz Rooftop","og_description":"Profitez d'un coucher de soleil spectaculaire sur le plus grand rooftop de la capitale, accompagn\u00e9 de rythmes \u00e9lectro chic et de m\u00e9lodies entra\u00eenantes, cr\u00e9ant l'ambiance parfaite pour d\u00e9compresser apr\u00e8s le travail","og_url":"https:\/\/cafe-oz.com\/en\/evenement-oz\/friday-weekend-prelude\/","og_site_name":"Cafe Oz","og_image":[{"width":680,"height":980,"url":"https:\/\/cafe-oz.com\/wp-content\/uploads\/2025\/08\/18.png","type":"image\/png"}],"twitter_card":"summary_large_image","schema":{"@context":"https:\/\/schema.org","@graph":[{"@type":"WebPage","@id":"https:\/\/cafe-oz.com\/en\/evenement-oz\/friday-weekend-prelude\/","url":"https:\/\/cafe-oz.com\/en\/evenement-oz\/friday-weekend-prelude\/","name":"Weekend Prelude on Cafe Oz Rooftop","isPartOf":{"@id":"https:\/\/cafe-oz.com\/en\/#website"},"primaryImageOfPage":{"@id":"https:\/\/cafe-oz.com\/en\/evenement-oz\/friday-weekend-prelude\/#primaryimage"},"image":{"@id":"https:\/\/cafe-oz.com\/en\/evenement-oz\/friday-weekend-prelude\/#primaryimage"},"thumbnailUrl":"https:\/\/cafe-oz.com\/wp-content\/uploads\/2025\/08\/18.png","datePublished":"2025-08-14T11:20:24+00:00","description":"Profitez d'un coucher de soleil spectaculaire sur le plus grand rooftop de la capitale, accompagn\u00e9 de rythmes \u00e9lectro chic et de m\u00e9lodies entra\u00eenantes, cr\u00e9ant l'ambiance parfaite pour d\u00e9compresser apr\u00e8s le travail","breadcrumb":{"@id":"https:\/\/cafe-oz.com\/en\/evenement-oz\/friday-weekend-prelude\/#breadcrumb"},"inLanguage":"en-US","potentialAction":[{"@type":"ReadAction","target":["https:\/\/cafe-oz.com\/en\/evenement-oz\/friday-weekend-prelude\/"]}]},{"@type":"ImageObject","inLanguage":"en-US","@id":"https:\/\/cafe-oz.com\/en\/evenement-oz\/friday-weekend-prelude\/#primaryimage","url":"https:\/\/cafe-oz.com\/wp-content\/uploads\/2025\/08\/18.png","contentUrl":"https:\/\/cafe-oz.com\/wp-content\/uploads\/2025\/08\/18.png","width":680,"height":980},{"@type":"BreadcrumbList","@id":"https:\/\/cafe-oz.com\/en\/evenement-oz\/friday-weekend-prelude\/#breadcrumb","itemListElement":[{"@type":"ListItem","position":1,"name":"Accueil","item":"https:\/\/cafe-oz.com\/en\/landing\/"},{"@type":"ListItem","position":2,"name":"\u00c9v\u00e9nements","item":"https:\/\/cafe-oz.com\/en\/evenement-oz\/"},{"@type":"ListItem","position":3,"name":"Friday Weekend Prelude"}]},{"@type":"WebSite","@id":"https:\/\/cafe-oz.com\/en\/#website","url":"https:\/\/cafe-oz.com\/en\/","name":"Cafe Oz","description":"The Australian Bar","publisher":{"@id":"https:\/\/cafe-oz.com\/en\/#organization"},"potentialAction":[{"@type":"SearchAction","target":{"@type":"EntryPoint","urlTemplate":"https:\/\/cafe-oz.com\/en\/?s={search_term_string}"},"query-input":{"@type":"PropertyValueSpecification","valueRequired":true,"valueName":"search_term_string"}}],"inLanguage":"en-US"},{"@type":"Organization","@id":"https:\/\/cafe-oz.com\/en\/#organization","name":"Cafe Oz","url":"https:\/\/cafe-oz.com\/en\/","logo":{"@type":"ImageObject","inLanguage":"en-US","@id":"https:\/\/cafe-oz.com\/en\/#\/schema\/logo\/image\/","url":"https:\/\/cafe-oz.com\/wp-content\/uploads\/2025\/06\/Groupe-113.svg","contentUrl":"https:\/\/cafe-oz.com\/wp-content\/uploads\/2025\/06\/Groupe-113.svg","width":122,"height":70,"caption":"Cafe Oz"},"image":{"@id":"https:\/\/cafe-oz.com\/en\/#\/schema\/logo\/image\/"}}]}},"_links":{"self":[{"href":"https:\/\/cafe-oz.com\/en\/wp-json\/wp\/v2\/evenement-oz\/39800","targetHints":{"allow":["GET"]}}],"collection":[{"href":"https:\/\/cafe-oz.com\/en\/wp-json\/wp\/v2\/evenement-oz"}],"about":[{"href":"https:\/\/cafe-oz.com\/en\/wp-json\/wp\/v2\/types\/evenement-oz"}],"wp:featuredmedia":[{"embeddable":true,"href":"https:\/\/cafe-oz.com\/en\/wp-json\/wp\/v2\/media\/33308"}],"wp:attachment":[{"href":"https:\/\/cafe-oz.com\/en\/wp-json\/wp\/v2\/media?parent=39800"}],"wp:term":[{"taxonomy":"etablissement","embeddable":true,"href":"https:\/\/cafe-oz.com\/en\/wp-json\/wp\/v2\/etablissement?post=39800"}],"curies":[{"name":"wp","href":"https:\/\/api.w.org\/{rel}","templated":true}]}}

<!-- This site is optimized with the Yoast SEO plugin v26.5 - https://yoast.com/wordpress/plugins/seo/ -->
<title>Weekend Prelude on Cafe Oz Rooftop</title>
<meta name="description" content="Profitez d&#039;un coucher de soleil spectaculaire sur le plus grand rooftop de la capitale, accompagné de rythmes électro chic et de mélodies entraînantes, créant l&#039;ambiance parfaite pour décompresser après le travail" />
<meta name="robots" content="index, follow, max-snippet:-1, max-image-preview:large, max-video-preview:-1" />
<link rel="canonical" href="https://cafe-oz.com/en/evenement-oz/friday-weekend-prelude/" />
<meta property="og:locale" content="en_US" />
<meta property="og:type" content="article" />
<meta property="og:title" content="Weekend Prelude on Cafe Oz Rooftop" />
<meta property="og:description" content="Profitez d&#039;un coucher de soleil spectaculaire sur le plus grand rooftop de la capitale, accompagné de rythmes électro chic et de mélodies entraînantes, créant l&#039;ambiance parfaite pour décompresser après le travail" />
<meta property="og:url" content="https://cafe-oz.com/en/evenement-oz/friday-weekend-prelude/" />
<meta property="og:site_name" content="Cafe Oz" />
<meta property="og:image" content="https://cafe-oz.com/wp-content/uploads/2025/08/18.png" />
	<meta property="og:image:width" content="680" />
	<meta property="og:image:height" content="980" />
	<meta property="og:image:type" content="image/png" />
<meta name="twitter:card" content="summary_large_image" />
<script type="application/ld+json" class="yoast-schema-graph">{"@context":"https://schema.org","@graph":[{"@type":"WebPage","@id":"https://cafe-oz.com/en/evenement-oz/friday-weekend-prelude/","url":"https://cafe-oz.com/en/evenement-oz/friday-weekend-prelude/","name":"Weekend Prelude on Cafe Oz Rooftop","isPartOf":{"@id":"https://cafe-oz.com/en/#website"},"primaryImageOfPage":{"@id":"https://cafe-oz.com/en/evenement-oz/friday-weekend-prelude/#primaryimage"},"image":{"@id":"https://cafe-oz.com/en/evenement-oz/friday-weekend-prelude/#primaryimage"},"thumbnailUrl":"https://cafe-oz.com/wp-content/uploads/2025/08/18.png","datePublished":"2025-08-14T11:20:24+00:00","description":"Profitez d'un coucher de soleil spectaculaire sur le plus grand rooftop de la capitale, accompagné de rythmes électro chic et de mélodies entraînantes, créant l'ambiance parfaite pour décompresser après le travail","breadcrumb":{"@id":"https://cafe-oz.com/en/evenement-oz/friday-weekend-prelude/#breadcrumb"},"inLanguage":"en-US","potentialAction":[{"@type":"ReadAction","target":["https://cafe-oz.com/en/evenement-oz/friday-weekend-prelude/"]}]},{"@type":"ImageObject","inLanguage":"en-US","@id":"https://cafe-oz.com/en/evenement-oz/friday-weekend-prelude/#primaryimage","url":"https://cafe-oz.com/wp-content/uploads/2025/08/18.png","contentUrl":"https://cafe-oz.com/wp-content/uploads/2025/08/18.png","width":680,"height":980},{"@type":"BreadcrumbList","@id":"https://cafe-oz.com/en/evenement-oz/friday-weekend-prelude/#breadcrumb","itemListElement":[{"@type":"ListItem","position":1,"name":"Accueil","item":"https://cafe-oz.com/en/landing/"},{"@type":"ListItem","position":2,"name":"Événements","item":"https://cafe-oz.com/en/evenement-oz/"},{"@type":"ListItem","position":3,"name":"Friday Weekend Prelude"}]},{"@type":"WebSite","@id":"https://cafe-oz.com/en/#website","url":"https://cafe-oz.com/en/","name":"Cafe Oz","description":"The Australian Bar","publisher":{"@id":"https://cafe-oz.com/en/#organization"},"potentialAction":[{"@type":"SearchAction","target":{"@type":"EntryPoint","urlTemplate":"https://cafe-oz.com/en/?s={search_term_string}"},"query-input":{"@type":"PropertyValueSpecification","valueRequired":true,"valueName":"search_term_string"}}],"inLanguage":"en-US"},{"@type":"Organization","@id":"https://cafe-oz.com/en/#organization","name":"Cafe Oz","url":"https://cafe-oz.com/en/","logo":{"@type":"ImageObject","inLanguage":"en-US","@id":"https://cafe-oz.com/en/#/schema/logo/image/","url":"https://cafe-oz.com/wp-content/uploads/2025/06/Groupe-113.svg","contentUrl":"https://cafe-oz.com/wp-content/uploads/2025/06/Groupe-113.svg","width":122,"height":70,"caption":"Cafe Oz"},"image":{"@id":"https://cafe-oz.com/en/#/schema/logo/image/"}}]}</script>
<!-- / Yoast SEO plugin. -->

Profitez d'un coucher de soleil spectaculaire sur le plus grand rooftop de la capitale, accompagné de rythmes électro chic et de mélodies entraînantes, créant l'ambiance parfaite pour décompresser après le travail

Événements
